5/30 - z**4/12 - 47*z**3/6 + 12*z**2 - 3*z. Calculate x(-22).
-3
Let g(u) = -u**2 + 34*u + 11. Let b be g(34). Let o(z) = -z**2 + 10*z - 11. What is o(b)?
-22
Suppose 3*j + 5 = -v - 1, -5*j = 3*v + 26. Let k(h) = h**2 + 13*h + 11. Give k(v).
-1
Let i(v) = -2 - 3*v + 13 + 7. Give i(8).
-6
Let d(r) be the second derivative of r**5/60 - r**4/6 - r**3 - r**2 - 5*r. Let o(g) be the first derivative of d(g). What is o(6)?
6
Let r(i) = -21 + 18 - 16*i + 34*i - 10 - 20*i. Determine r(-6).
-1
Let a(o) = -5*o**3 - 12*o**2 - 15*o + 14. Let l(r) = -4*r**2 - 2*r**3 + 14 + 14 - 23 - 5*r. Let d(t) = -3*a(t) + 8*l(t). What is d(5)?
-2
Let k(y) be the second derivative of -y**6/120 + y**5/10 - y**4/4 + 2*y**3/3 + 5*y**2/2 - 7*y. Let f(i) be the first derivative of k(i). Calculate f(5).
-1
Let t(j) = -j + 2*j**2 - 3*j**3 + 2*j**3 - 1 + 0 - 4*j**2. Let z be (-13)/(-2*(-1)/4). Let c = z + 24. Give t(c).
1
Let c(h) = 1310*h**2 - 3*h - 1309*h**2 - 5*h - 9 - 3*h. What is c(13)?
17
Let c(w) = w**3 + 3*w**2 + w. Let o be c(-2). Let a(v) be the second derivative of -2*v**3 + v**2 - 15*v. What is a(o)?
-22
Let z(n) = n**2 - 6*n + 6. Let m = 51 + -12. Let b be 104/m*3/2. What is z(b)?
-2
Let i(s) be the second derivative of s**3/6 + s**2/2 + 2*s. Let u = 624 + -625. Calculate i(u).
0
Let s(t) = -t**2 + 6*t + 113. Let g be s(-8). Let m(r) = 13*r**2 - 2*r + 1. Determine m(g).
12
Let v = 376 - 382. Let k(r) = r**3 + 5*r**2 - 8*r - 3. Calculate k(v).
9
Suppose 8*t + 13 = -187. Let l = 28 + t. Let o(v) = -2*v + 1. Give o(l).
-5
Let y(i) = -i + 20. Let k = 50 - 38. Give y(k).
8
Let s be (-2 + (-88)/(-24))*-3. Let g(f) = -f**2 - 3*f + 4. Let p be g(-4). Let z(y) = 1 + 5*y + 1 + p + y**2. Give z(s).
2
Suppose l + l = -28. Let f = -9 - l. Suppose f*r - 34 = -z, -2*z - 16 = -4*r - 0*z. Let a(y) = y + 1. What is a(r)?
7
Let v(s) be the third derivative of s**6/120 + s**5/30 - s**4/12 - s**3/3 + s**2. Let i(w) = -w**2 - 7*w - 9. Let d be i(-6). Determine v(d).
-5
Let z(j) be the third derivative of j**6/120 + j**5/60 - j**4/8 + 2*j**3/3 - j**2 + 9*j. What is z(-3)?
-5
Let s(g) be the first derivative of -5*g**3/3 + 3*g**2/2 + g - 57. Give s(4).
-67
Let v(b) = -b**3 + 2*b**2 + b. Let i be v(2). Let d(a) be the second derivative of -a**5/10 - a**4/4 + a**3/6 + a**2 + 256*a. What is d(i)?
-24
Let u(i) = 2*i - 1. Let s be u(2). Let w(g) = -6*g - 4*g - 4 + s*g**2 - 4*g**2 + 13*g. Calculate w(4).
-8
Let b(a) be the second derivative of a**6/720 - a**5/60 - a**4/3 - 2*a + 3. Let m(w) be the third derivative of b(w). Suppose 10 + 10 = 5*x. Give m(x).
2
Let g(y) = 24*y - 15. Let o be g(7). Let b = o - 148. Let s(z) = -5*z + 4. What is s(b)?
-21
Let v = 875 + -874. Let u(c) = 3*c**3 + c**2 - c. Give u(v).
3
Let u(n) = -n**2 - 1. Let j(c) = 8*c**3 + 4*c**2 + c + 4. Let z = 30 + -31. Let s(i) = z*j(i) - 5*u(i). Determine s(1).
-7
Let v = 37 - 31. Let h(u) = u**3 - 6*u**2 - 2*u + 6. Let r be h(v). Let f(s) = s. Calculate f(r).
-6
Let j = 20 - 18. Let u(k) = -161*k**2 + 3*k + 159*k**j - 4*k + 1. Calculate u(2).
-9
Suppose 3*p + 3*v + 19 = 55, -15 = 5*v. Suppose -4*x + 0*x = -4*i, p = 4*x + i. Let k(h) = -h**2 + 4*h - 2. Calculate k(x).
1
Let q(j) = -18*j**2 - 2*j. Let f be q(-2). Let t = f - -64. Let s(o) = -o**3 - 4*o**2 - 5. Determine s(t).
-5
Suppose 39 - 15 = -4*r. Let w(s) = -s**2 - 7*s + 2. What is w(r)?
8
Let c(z) = -4*z + 6. Suppose -2*a + 2*k + 9 = 3*k, 4*a - k - 15 = 0. Determine c(a).
-10
Let g(h) = 5*h**2 - 14*h - 2. Let d(t) = 9*t**2 - 25*t - 3. Let f(c) = 6*d(c) - 11*g(c). Determine f(7).
-17
Let p(j) = 16*j**3 - 12*j**2 + 10*j + 10. Let z(s) = -3*s**3 + 2*s**2 - 2*s - 2. Let b(k) = 2*p(k) + 11*z(k). Give b(-3).
13
Suppose 0 = 4*t - 2*c + 24, 2 = -5*t + 5*c - 38. Let k(v) = v + 8. Give k(t).
4
Let m(o) = -3 - 3*o - 9 + 11. Calculate m(-1).
2
Let i(m) = 3*m**2 + 2*m + 1. Let s = -11 + 14. Let x(p) = -2*p**2 + 6*p - 1. Let o be x(s). Calculate i(o).
2
Let r(d) be the third derivative of -d**7/840 - d**6/72 - d**5/60 + d**4/12 - 3*d**3/2 + 24*d**2. Let h(g) be the first derivative of r(g). Give h(-3).
-10
Let j(h) = 2*h - 27*h**3 - 9*h + 6*h - 1 + h**2 + h**3. Calculate j(-1).
27
Let y(o) = -10*o + 54. Let h be y(9). Let m be (h/6 - -6) + (-1 - -3). Let v(f) = 3*f - 3*f**2 + 1 - f + 1. Give v(m).
-6
Suppose 27 = 6*v + 21. Let w(d) = -12*d + 6. Let t be w(v). Let k(i) = i**2 + 7*i + 5. Give k(t).
-1
Let p(j) be the second derivative of j**4/12 - j**3 - 27*j**2 - 321*j. Give p(11).
1
Let t(u) = -u**2 - 2*u + 4. Let n = 235 - 232. What is t(n)?
-11
Let n = -8 - -7. Let a be (-209)/66 + n/(-6). Let b(s) = s**3 + 2*s**2 + s + 4. What is b(a)?
-8
Let z(i) be the third derivative of -i**3 - 1/12*i**4 + 0 - 28*i**2 + 0*i. Give z(-4).
2
Suppose -b = -2*i - 18, -b + 5*b - 52 = 4*i. Let u(z) = -5*z + 20. Determine u(b).
-20
Suppose 6*m - 7*m - 5*o - 11 = 0, 0 = 4*m - 3*o + 21. Let u(a) = 2*a**3 + 12*a**2 + a + 12. Give u(m).
6
Let u(b) be the second derivative of b**4/3 - b**3/6 + 16*b**2 - 53*b. Let l(y) be the first derivative of u(y). Give l(-1).
-9
Let x(z) = -2*z + 9. Let y be x(7). Let t(k) = 4*k**3 + 5*k**2 - 8*k + 3. Let w(n) = -n**3 + n - 1. Let o(d) = y*w(d) - t(d). Give o(4).
-2
Suppose -2*a - 2*a = -4*k - 52, -4*k - 48 = -3*a. Let l be -1*6/k*-12. Let r(y) = y**2 + 7*y + 2. Calculate r(l).
10
Let i(t) be the second derivative of -t**3/6 + 23*t**2/2 - 16*t. Calculate i(17).
6
Let y = 10 + -6. Let v(z) = -2*z - 4. Let t be v(y). Let c(d) = 11*d - 6. Let h(n) = -27*n + 15. Let j(q) = t*c(q) - 5*h(q). Give j(3).
6
Let i(d) = d**3 - 5*d**2 + d - 2. Let l be 10 - (-1 - (-6 + -1)). Calculate i(l).
-14
Let g(c) = -637*c + 78. Let y(d) = -41*d + 5. Let w(m) = 5*g(m) - 78*y(m). Let h = -2 + 3. Calculate w(h).
13
Let p = 2435 + -2436. Let r(i) = 12*i**2 - 2*i - 1. Calculate r(p).
13
Let o be 0 - (-1 + 2 + -6). Let h(m) be the second derivative of m**4/12 - m**3/2 - 3*m**2 + 1002*m. What is h(o)?
4
Let d(v) = 2*v + 6. Let a be d(0). Let p(f) = a*f - 3*f - f + 1 - f. Suppose -5*t + 5*l - 22 - 18 = 0, -5*l = -2*t - 19. What is p(t)?
-6
Let f(x) be the second derivative of -x**5/20 - x**4/3 + x**3/6 - x**2/2 - 2*x + 2. Suppose 0 = -3*d + d - 2. Let p(q) = 2*q. Let r be p(d). Give f(r).
-11
Let q = 2175 - 2166. Let a(y) = -y**2 + 13*y - 43. Determine a(q).
-7
Suppose 22 - 10 = 3*u. Let n(c) = -c**3 - 12*c**2 - 13*c - 16. Let p be n(-11). Let i(s) = -s**3 + p*s**2 + 9 - 2*s**2 - 3*s - 4. Give i(u).
-7
Let x(n) = -5 + 11 - 10 - 8*n. Let c(u) = -4*u - 2. Let b(z) = 5*c(z) - 3*x(z). Calculate b(-2).
-6
Let g(y) = 3*y + 9. Let b(p) = 2*p + 5. Let m(r) = 5*b(r) - 3*g(r). Give m(2).
0
Let p(n) = n - 1. Let m(r) = -r - 14. Let b be m(-16). Calculate p(b).
1
Let i(t) = 14*t**2 - 21*t - 17. Let r(l) = 2*l**2 - 2*l - 3. Let f(h) = -i(h) + 6*r(h). What is f(5)?
-6
Let v be (0/(-1 - -2))/1. Suppose v = 2*k - 4*k + 4. Let q(x) = 2*x**k - 3 - 8*x - x**2 + 6*x. Determine q(-2).
5
Let n = -13 + 15. Suppose -2*f + 5*y = n, 4*y - 20 = -f - 2*f. Let o(v) = 2*v - 5*v**2 - 2*v**3 + 5 + 6*v**3 + 0*v - 3*v**3. Determine o(f).
-3
Let k(r) = -r - 13. Suppose -o - 1 = -n, -3*n + o = -5 - 0. Suppose -21 = n*s - 1. Calculate k(s).
-3
Let x(j) = j**2 + 6*j - 5. Let z be x(-7). Let t(i) = -9*i - 1. What is t(z)?
-19
Suppose 8 - 1394 = -21*c. Suppose 66 - c = 5*m. Let p(l) = -l**3 + l - 1. Calculate p(m).
-1
Let f(l) = 10 + 4 + 8*l - 7*l. Give f(-8).
6
Let x(z) = 6*z + 3. Let g be 6/2 - 2 - 1*-2. Suppose -3*b = 2*a - 16, b - a + 4 = g*a. Calculate x(b).
27
Let k(r) be the second derivative of -r**4/12 + r**3/2 + r**2 - r. Let h = 267 + -264. Determine k(h).
2
Suppose -425 = -14*b - 467. Let k(o) = 4*o + 9. Calculate k(b).
-3
Let a = 1630 + -1630. Let o(b) be the third derivative of a*b - 1/60*b**5 - 1/2*b**3 - 1/4*b**4 - b**2 + 0. Determine o(-6).
-3
Suppose 4*l = 3*n - 17, 0 = l - 8 + 7. Let f(a) = 2*a**2 - 13*a. Give f(n).
7
Let c(a) = 15*a - 3*a**3 - 7*a**2 - 5 + 4*a**3 - 7*a. Suppose 17*r + 65 = 167. Give c(r).
7
Suppose 0 = 7*h - 12*h - 15. Let q be h/(-2) + (-19)/2. Let g(o) = o**2 + 7*o + 4. Give g(q).
12
Let b be ((-55)/(-5) + 1)*(-3)/6. Let q(z) = 0 - 2 - z**2 + 1 - 8*z. What is q(b)?
11
Let x be 84/(-63) - (-40)/(-6). Let w(p) be the second derivative of p**5/20 + 2*p**4/3 + p**3/6 + 5*p**2 + 62*p. Give w(x).
2
Let n